= -f + 2. Let s be u(-2). Let q(v) = 3*v**2 + 4. Let z be q(s). What is the greatest common divisor of t and z?
26
Let r = -410 - -424. What is the greatest common factor of 574 and r?
14
Let u(k) = -k**2 - 33*k - 10. Let b be u(-32). Calculate the highest common factor of b and 341.
11
Let g be (46/(-1))/(11/(-22)). Calculate the highest common factor of 12 and g.
4
Suppose 0 = -3*u - 2*g + 4*g + 32, 2*u - g - 22 = 0. Let r(h) = -h**3 - 7*h**2 - 3*h + 3. Let q be r(-7). Calculate the highest common divisor of u and q.
12
Suppose 10*j - 2839 = 1461. Calculate the highest common divisor of j and 10.
10
Let l = -6 - -6. Suppose -7*r + r + 24 = l. Suppose 88 + 100 = 3*o + r*g, 3*g = 5*o - 265. What is the greatest common factor of 84 and o?
28
Suppose 52 = -4*o + 64. Suppose 0 = -4*w + 5*y - 25 - 70, -o*w + 5*y - 75 = 0. Let t = 26 + w. What is the greatest common divisor of t and 12?
6
Let g(k) = k + 2. Let y be -4*(-1)/18 + 176/18. Let c be g(y). Calculate the greatest common divisor of 6 and c.
6
Suppose 23*y = 76*y - 1431. Calculate the greatest common divisor of y and 39.
3
Let j = -50 + 43. Let t be ((12/j)/1)/((-1)/49). What is the greatest common divisor of 56 and t?
28
Suppose 372 = 8*z + 12. What is the highest common divisor of 54 and z?
9
Let f(q) = -28*q - 4. Let b be f(-3). Let l be b/4*(-22)/(-8). Let n = -6 + l. Calculate the greatest common divisor of 7 and n.
7
Let l(s) be the third derivative of -s**6/120 - 3*s**5/20 - s**4/4 - 2*s**3/3 - 24*s**2. Let k be l(-9). What is the highest common factor of 75 and k?
25
Let k be 10/(-35) + (-652)/(-28) + -1. Let z = 26 - k. Let v be (-4)/(-3) + 1/(-3). Calculate the greatest common divisor of z and v.
1
Suppose 2 - 5 = -k. Let o = 4 - k. Let t(d) = d**2 - 24*d - 206. Let w be t(-7). What is the highest common factor of o and w?
1
Let n be (-1)/6 + 190/60. Suppose 4*k - 14 = n*s - 4*s, s + 5*k = 14. Let j = 23 - 2. What is the highest common divisor of j and s?
7
Let i be ((-16)/(-6))/(10/15). Suppose -3*p = i*z - 259, 2*p + 2*z - 4*z = 154. Suppose 16 + 65 = 9*u. What is the highest common factor of u and p?
9
Let z be (0 - 2) + 5 + 1. Let r be 1 - 4/8*z. Let s = r - -23. What is the greatest common divisor of 55 and s?
11
Suppose 0 = -w + q + 51, -39 = 3*w - q - 190. What is the highest common factor of 120 and w?
10
Let a(n) = -n**2 + 11*n + 56. Let f be a(7). Calculate the highest common factor of f and 12.
12
Let k = -42 + 54. Suppose k = 5*o + 5*a - 93, 4*a = -3*o + 61. What is the highest common factor of o and 207?
23
Let p(r) = -r**3 - 3*r**2 + 23*r + 1. Let u be p(-7). What is the highest common divisor of 27 and u?
9
Let s = -91 + 97. Let z be -1 + 1 + (4 - 2). Suppose z*k + g = 79, -4*k - 5*g = k - 185. What is the highest common factor of k and s?
6
Let z(y) = y**2 - 7*y + 440. Let g be z(20). What is the highest common factor of g and 35?
35
Suppose -g - 11 = t - 36, 0 = 5*g + 20. What is the highest common divisor of t and 145?
29
Suppose -5*f + 3 = 5*p - 2, p - 11 = f. Suppose p*w - 7*w + 19 = 0. Calculate the greatest common divisor of w and 95.
19
Let h be (6/10)/(396/60 + -6). Let b be (1 - (-1 - -2))/2. Let s = 1 - b. What is the highest common divisor of h and s?
1
Suppose 0 = -3*v + v + 64. Let k be 74834/1562 + 1/11. Calculate the greatest common factor of k and v.
16
Suppose 1794 = 6*v + 1470. Let n = 4 - -2. Calculate the greatest common factor of n and v.
6
Let d(i) = i**2. Let z be d(2). Let b be z/6*21/2. Let t = -61 + 75. Calculate the highest common divisor of t and b.
7
Let q = -26 + 105. Suppose -5 = d, 2*m - q = -0*d - d. Let u = -34 + m. What is the greatest common divisor of 12 and u?
4
Suppose 0*j = 3*j + 2*a - 15, j + 6 = 3*a. Let z(l) = -6*l + 1 - j - 2 + 1. Let b be z(-2). Calculate the highest common factor of 45 and b.
9
Suppose 8 + 6 = -2*y. Let w be 14/4*(-24)/y. Suppose u - 6*u + 300 = 0. What is the highest common factor of u and w?
12
Suppose 16*r - 11*r - 15 = 0. Suppose 0*u - 5*y = -r*u + 245, u - 5*y - 95 = 0. What is the highest common divisor of 30 and u?
15
Let z(g) = g**3 - 9*g**2 + 2*g - 8. Let v be z(11). What is the highest common divisor of v and 24?
8
Suppose 15*m - 68 = 112. What is the highest common factor of 21 and m?
3
Let z be 1/((-6)/(96/(-8))). Calculate the greatest common factor of 11 and z.
1
Let f(m) = m**3 - 6*m**2 + 9*m + 10. Let v be f(5). What is the highest common divisor of 290 and v?
10
Suppose -2*n = 6*w - w - 47, 3*n - 64 = -w. Let m be n*(0 - (-8)/3). Suppose 0 = 19*d - 0*d - 133. What is the greatest common divisor of m and d?
7
Let i(m) be the second derivative of m**4/6 + 4*m**3/3 + 2*m**2 + 2*m + 11. Let d = -6 - 0. Let j be i(d). What is the greatest common factor of j and 7?
7
Let m(c) = c**3 + 7*c**2 - 5*c + 5. Let q be m(-8). Let d be 2198/35 + 3/15. Let a = q + d. What is the greatest common factor of 66 and a?
22
Let p(w) = w**3 - 16*w**2 + 18*w - 56. Let h be p(16). What is the greatest common factor of h and 8?
8
Let q = 54 + -45. Let k = -20 - -29. Calculate the highest common factor of k and q.
9
Suppose 0 = -n + 20 + 1. Suppose -60*w + 84 = -54*w. What is the greatest common divisor of w and n?
7
Let w = 32 - 32. Suppose -3 = -4*q - 5*z, -3*q + 5*z + 11 = -w*q. What is the highest common divisor of q and 5?
1
Let l be (-2)/5 - 92/(-5). Let n(m) = m**2 + 14*m + 16. Let q be n(-13). Suppose 8*p - 990 = q*p. Calculate the greatest common divisor of p and l.
18
Suppose 0 = -2*i - 6, 0*t - 5*i - 10 = 5*t. Let l be (50/t)/((-4)/(-6)). What is the highest common factor of 15 and l?
15
Let r be 66 - -3*(-6)/3. Suppose 3*g + 3*f - 303 = 0, g - 98 = -f + 3*f. Suppose -w - g = -6*w. Calculate the greatest common factor of r and w.
20
Let q be (6/(-4))/(6/(-12)). Let x(d) = -q*d + 5*d - d - 3*d. Let o be x(-6). Calculate the highest common divisor of 60 and o.
12
Let x(h) = 2*h - 28. Let z be x(18). Let w(g) = 5*g + 23. Let q be w(z). What is the greatest common divisor of q and 42?
21
Suppose 4*a = 4*b, -6*b - a = -2*b + 25. Let l(z) = -11*z - 13. Let y be l(b). Let p be -1 - 3/((-6)/44). Calculate the greatest common factor of p and y.
21
Let d(s) = s**2 - 3*s - 14. Suppose 10*w = 4*w + 54. Let z be d(w). Let p(a) = a**2 - 2*a - 3. Let j be p(-2). What is the greatest common factor of z and j?
5
Let h = -25 + 28. Suppose x - d - h - 3 = 0, x - 2*d - 11 = 0. Calculate the highest common factor of x and 3.
1
Suppose 2*h = -0*h + 36. Let v = -34 - -50. Suppose 4*b = v + 8. Calculate the greatest common factor of b and h.
6
Let g(i) = 3*i**3 + 3*i + 2. Let r be g(-1). Let q be 5 + 3/(-7 - r). Suppose -28 = 2*t - q*t. Calculate the highest common factor of 98 and t.
14
Let g = 3 - 2. Let l be (11 + -3)*2/g. Let t be (4/(8/(-6)))/(12/(-448)). What is the greatest common divisor of l and t?
16
Suppose -2*r = -7*r - 4*v + 365, -2*r + 169 = -3*v. Let l be 3/2 + r/2. Calculate the greatest common factor of 100 and l.
20
Let w(u) = u + 1 - 6 - 2 + 1. Let j be w(9). Suppose -2*z + 6*z - 135 = j*d, d - 55 = -2*z. What is the highest common divisor of 90 and z?
30
Let f be -42*(4 + (-77)/14). What is the highest common factor of f and 9?
9
Suppose 8 = -3*n + 41. Let u = 38 + 50. Suppose -3*i + 5*i = u. What is the highest common factor of n and i?
11
Let f(a) = 2*a - 21. Let h(r) = 16*r**3 + 3*r - 2. Let l be h(1). Let p be f(l). Calculate the highest common factor of 91 and p.
13
Suppose 4*u + 2*q = q + 107, -2*u + 5*q + 59 = 0. Suppose 0 = 2*b - n - 218, 5*b - 5*n = -2*n + 546. What is the greatest common divisor of b and u?
27
Let o be (-177)/(-30)*-4*-10. Suppose 3*w + m - 180 - 76 = 0, 4*m = 3*w - o. Calculate the greatest common divisor of 12 and w.
12
Let x = -1143 + 1655. Calculate the highest common factor of 320 and x.
64
Suppose 4*v - 4*g - 16 = 0, 2*g + 2*g = 16. Calculate the highest common divisor of 20 and v.
4
Let q = 70 - -690. What is the greatest common divisor of q and 40?
40
Suppose -16*h = 12*h - 6020. What is the highest common factor of 15 and h?
5
Let x = -19 + 37. Suppose -15*t - 297 = -x*t. What is the highest common factor of t and 11?
11
Suppose -2*x - 4*q = 0, -3*x - 4*q = 3 + 3. Let l be ((-2)/x)/((-2)/(-6)). What is the greatest common factor of l and 9?
1
Suppose 5*v = 9*v - 52. 